te the highest common factor of z and t.
11
Suppose 4*b + 4*p + 4 = 0, b - 3*p - 8 + 5 = 0. Let n = 66 + b. What is the greatest common factor of n and 44?
22
Let b = -15 - -33. Let c be (b/(-1))/2 - -2. Let o = c - -40. Calculate the highest common divisor of 22 and o.
11
Suppose 2*v + 0*g = 5*g + 30, v + 2*g - 33 = 0. Let y = 44 - v. Calculate the highest common factor of y and 133.
19
Let a be (-63)/(-6)*4/3. Suppose -42*u = -44*u + 112. What is the highest common divisor of u and a?
14
Let t(v) = v**3 - 21*v**2 + 4*v - 71. Let s be t(21). Calculate the greatest common divisor of s and 5.
1
Let g(y) = 288*y**2 - y + 1. Let x be g(1). Calculate the highest common factor of x and 18.
18
Suppose 242*m = 215*m + 243. Calculate the highest common factor of m and 1548.
9
Let a(v) = 48*v - 67. Let i be a(6). What is the highest common factor of i and 34?
17
Let z(b) = -2*b + 20. Let n be z(3). Suppose 776 = 5*x - 2*g - 0*g, -4*x - 5*g = -601. Calculate the highest common divisor of n and x.
14
Let m(j) = -j**2 + 11*j + 3. Let d be m(11). Suppose -959 = -5*v - d*h, -4*h + 205 = v + h. What is the highest common factor of v and 19?
19
Let y be ((-36)/(-45))/((-2)/(-10)). Let i be (-576)/(-40) - y/10. Calculate the greatest common factor of i and 14.
14
Let w = 21 + -18. Suppose z + 56 = w*o - 2*o, 0 = o + 3*z - 72. Calculate the greatest common divisor of o and 20.
20
Suppose 28 = 5*q - q. Suppose -4*f - 5 = -3*m, 4*m + 3 + q = -3*f. Let i be (-330)/m*6/9. What is the greatest common factor of 20 and i?
20
Let s be -127 + -2 + 3/(-6)*-6. Let f be (422/(-3))/(4/(-6)). Let m = s + f. Calculate the highest common divisor of 17 and m.
17
Let i(m) = m + 153. Let x be i(0). Calculate the greatest common factor of 34 and x.
17
Suppose 528 = 2*r + 2*r. Suppose -27*a = 82 - 406. What is the greatest common factor of r and a?
12
Let q(x) = -x - 6. Suppose 5*f + 3*k - 2*k = -74, 65 = -4*f + 5*k. Let d be q(f). Let v = d + 0. Calculate the greatest common divisor of v and 45.
9
Let x be 1714/10 + 38/(-95). What is the greatest common divisor of x and 133?
19
Suppose 5 = 2*z - d, 0 = -z - 5*d - 3. What is the highest common factor of 346 and z?
2
Let d(i) = i**2 + 25*i - 114. Let q be d(4). Calculate the greatest common divisor of 15 and q.
1
Suppose p - 8*v - 82 = -6*v, -5*v - 25 = 0. What is the highest common factor of p and 63?
9
Let s = 180 - 126. Suppose 5*o - 2*o = 27. Calculate the greatest common factor of s and o.
9
Let c(b) = -b + 39. Let n be c(0). Suppose 2*k + 3791 = 3797. What is the greatest common factor of n and k?
3
Let h(j) = j**3 + 11*j**2 - 18*j - 10. Let p be h(-12). Calculate the highest common divisor of 279 and p.
31
Suppose 0*m + 75 = 3*m. Suppose -30*o = -m*o - 250. What is the highest common divisor of 40 and o?
10
Let g(x) = -2*x + 6 - x**3 - 7*x + 8*x**2 + 0*x. Let r be g(6). Let b(p) = -p**2 + 9*p - 14. Let v be b(5). What is the greatest common divisor of v and r?
6
Let o(f) = 3*f**2 + 7*f - 1. Let q be o(-6). Let y be 0 + -1 - (30 + 10). Let l = y + q. Calculate the highest common divisor of 6 and l.
6
Let c = 209 + -19. Let t = -113 + c. Calculate the greatest common divisor of 11 and t.
11
Let s be (-506)/(-6) + 126/(-378). What is the highest common divisor of 861 and s?
21
Suppose -36 = 126*l - 127*l. Calculate the highest common factor of l and 270.
18
Let a(w) = -w**3 - 12*w**2 - 16*w - 23. Let v be a(-11). What is the greatest common factor of v and 8?
8
Suppose z = -0*z + 1. Let h(g) = 5*g. Let s be h(z). Suppose -3*d + 117 = 3*u, -2*u + 20 + 55 = s*d. What is the highest common factor of 20 and u?
20
Let c(z) = -139*z - 72. Let l be c(-3). What is the greatest common divisor of 276 and l?
69
Let w(q) = q**2 - 26*q + 119. Let d be w(21). Suppose 4*r + 408 = -0*r. Let j be r/(-14) - (-4)/(-14). Calculate the greatest common factor of d and j.
7
Let b be (2 - 8/5)/(7/2695). Let o = 126 + -115. Calculate the highest common factor of b and o.
11
Suppose -39*c = -44*c - 10. Let m be (-3350)/(-40) + c/(-8) - 4. Calculate the greatest common divisor of 20 and m.
20
Suppose 112*r - 109*r + 2*a - 2856 = 0, -r + 952 = a. What is the highest common factor of r and 112?
56
Let q be 3/(-2)*(-56)/(-12). Let w = q - -3. Let o be 6/w + (-375)/(-10). What is the highest common factor of 90 and o?
18
Suppose -4*k = -2*u - 20, 8*k - 3*k = 4*u + 25. Suppose -4*i = k*o - 32, -2*o = -i + 5*i - 32. Calculate the highest common divisor of i and 6.
2
Let g(b) be the first derivative of b**4/4 - 2*b**3 - b**2 - 8*b + 2. Let j be g(7). Calculate the highest common divisor of 27 and j.
27
Let u(v) = -v**3 + 10*v**2 - 13*v + 24. Let d be ((-18)/15)/(((-63)/(-60))/(-7)). Let w be u(d). What is the greatest common divisor of w and 48?
48
Let o be 16/12*(-9)/(-6). Suppose 0 = b + 2, c - o*b + 0*b - 27 = 0. Let f = -12 + c. What is the greatest common factor of 99 and f?
11
Let r = -897 + 1524. Calculate the highest common divisor of r and 38.
19
Suppose 80 = -2*n + 3*n. Let m be n/2 - (-4 + 3). Suppose o = 5, -3*s + m = -o + 4. Calculate the highest common factor of s and 14.
14
Suppose 5*v + 144 = 4*w, 10*w - 72 = 8*w - 4*v. Calculate the highest common factor of 132 and w.
12
Let f = 11 + -10. Let g be (-7 + 6)*0/f. Suppose 0 = x + 2*p + 2*p - 37, 5*x - 5*p - 60 = g. Calculate the greatest common factor of x and 119.
17
Let t be ((-4)/3)/((-23)/(9867/26)). Calculate the greatest common factor of 429 and t.
11
Suppose -3*k = 3, -5*k + 8 = 4*a - 7. Suppose 23 = -5*b + d + 208, -3*b = a*d - 83. Calculate the greatest common divisor of b and 252.
36
Let c = 15 + 1. Let q(o) = o**3 - 2*o**2 - 5*o + 6. Let u be q(4). Let f be (-3222)/(-81) - 2*(-2)/u. Calculate the highest common divisor of c and f.
8
Suppose -q + 48 = -3*q. Let s be 8/((-6)/(-27) + q/(-135)). Calculate the highest common factor of s and 10.
10
Let w = 38 + -22. Let p = w + -6. What is the highest common factor of p and 40?
10
Suppose -4*q + 0*q + 224 = 0. Let v be 3/(((-20)/(-10))/((-64)/(-6))). What is the highest common factor of v and q?
8
Let a = 1053 - 945. Calculate the highest common divisor of a and 24.
12
Let s = 26 - 14. Let m(x) = -x**3 - x**2 - 2*x - 6. Let t be m(-6). Let c be t/8 - 3/s. Calculate the greatest common divisor of c and 115.
23
Let v be (-13)/2*16/(-8). Suppose -i + 8 = 2*o, 0 = 3*o - 4*i - 2 - 32. Let n = v - o. Calculate the highest common factor of 35 and n.
7
Suppose d = 5*d. Suppose 13*q - 142 + 12 = d. Calculate the highest common divisor of 90 and q.
10
Let i = 10 + 22. Suppose -3*z - 12 = 0, m + 2*m - 140 = -z. Calculate the highest common factor of m and i.
16
Let y(k) = -k**3 + 9*k**2 + 10*k + 4. Let u be y(10). Let n be (-8)/(-8) - (u - 1). Let a be n/4 + 62/4. What is the greatest common divisor of 5 and a?
5
Let p(y) = y**3 - 3*y**2 + 7*y - 3. Let t be p(3). Suppose -6*c - 2*g + t = -2*c, 3*c + g - 14 = 0. Calculate the greatest common divisor of 40 and c.
5
Suppose 2*p + 122 = y + 25, -5*p - 5*y - 250 = 0. Let c = 31 - p. Calculate the greatest common factor of 20 and c.
20
Let q(c) = -3*c**3 + 20*c**2 + 5*c + 15. Let v be q(7). What is the highest common factor of v and 13?
1
Let t = 8 + -2. Let n be (24/(-10))/(t/(-220)). Let q(s) = 147*s**2 - 1029*s + 11. Let w be q(7). Calculate the highest common factor of n and w.
11
Let b(h) = 20*h - 10 + 13*h - 24*h + 10*h. Let l be b(4). Suppose -4*j - 165 = -9*j. What is the greatest common divisor of j and l?
33
Suppose 2*h = -3*h + 25. Suppose -h*f + 80 = 4*w, 0*f = 2*f - 5*w - 32. Suppose -7*s = -2*s - 160. Calculate the highest common factor of s and f.
16
Let f = 10 - 10. Let b be 11/11 + (f - -38). Let j = -18 + b. Calculate the highest common factor of 14 and j.
7
Suppose -9*c = -7*c - 8, 2*b - 2*c = 152. What is the highest common divisor of b and 10?
10
Let s be (24/(-9))/(4/(-54)). Suppose 25 = y + 1. What is the highest common divisor of y and s?
12
Let i(g) = 2*g - 5. Let n(h) = h - 4. Let r(o) = 6*i(o) - 7*n(o). Let s be r(6). Let l = 41 + 29. What is the greatest common divisor of s and l?
14
Suppose -6*p = -p + 45. Let c = -19 - p. Let w = 18 + c. Calculate the highest common divisor of 56 and w.
8
Let t(d) = -12*d + 34. Let s be t(-8). Suppose 8*q - 3*q - 260 = 0. Calculate the greate